{"id":17,"date":"2021-04-22T15:37:56","date_gmt":"2021-04-22T13:37:56","guid":{"rendered":"https:\/\/blogg.uit.no\/cab025\/?page_id=17"},"modified":"2021-04-23T16:17:34","modified_gmt":"2021-04-23T14:17:34","slug":"pedagogisk-mappe","status":"publish","type":"page","link":"https:\/\/blogg.uit.no\/cab025\/pedagogisk-mappe\/","title":{"rendered":"Pedagogisk mappe"},"content":{"rendered":"<p>Min pedagogiske mappe best\u00e5r av f\u00f8lgende dokumenter:<\/p>\n<p><a href=\"https:\/\/blogg.uit.no\/cab025\/tilnaerming\/\">Min undervisningstiln\u00e6rming<\/a><\/p>\n<p>Min pedagogiske CV<\/p>\n<p><a href=\"https:\/\/blogg.uit.no\/cab025\/utviklingsprosjektet-gators-metode-studenters-motivasjon-til-laering\/\">Utviklingsprosjektet &#8220;Gators metode&#8221;<\/a>, som h\u00f8sten 2020 vant <a href=\"https:\/\/uit.no\/nyheter\/artikkel?p_document_id=712407\">undervisningsprisen ved HSL-fakultetet.<\/a><\/p>\n<p><a href=\"https:\/\/blogg.uit.no\/cab025\/fagfellesskap\/\">Fagfellesskap<\/a><\/p>\n<p><a href=\"https:\/\/blogg.uit.no\/cab025\/forskningsveiledning\/\">Forskningsveiledning<\/a><\/p>\n<p>Ressurser til bruk i undervisningen: nettstedet Gators metode<\/p>\n<p>&nbsp;<\/p>\n","protected":false},"excerpt":{"rendered":"<p>Min pedagogiske mappe best\u00e5r av f\u00f8lgende dokumenter: Min undervisningstiln\u00e6rming Min pedagogiske CV Utviklingsprosjektet &#8220;Gators metode&#8221;, som h\u00f8sten 2020 vant undervisningsprisen ved HSL-fakultetet. Fagfellesskap Forskningsveiledning Ressurser til bruk i undervisningen: nettstedet Gators metode &nbsp;<\/p>\n","protected":false},"author":345,"featured_media":0,"parent":0,"menu_order":0,"comment_status":"closed","ping_status":"closed","template":"","meta":{"_et_pb_use_builder":"","_et_pb_old_content":"","_et_gb_content_width":"","footnotes":""},"class_list":["post-17","page","type-page","status-publish","hentry"],"featured_image_src":"","featured_image_src_square":false,"rbea_author_info":{"display_name":"Camilla Brattland","author_link":"https:\/\/blogg.uit.no\/cab025\/author\/camilla-brattland\/"},"rbea_excerpt_info":"Min pedagogiske mappe best\u00e5r av f\u00f8lgende dokumenter: Min undervisningstiln\u00e6rming Min pedagogiske CV Utviklingsprosjektet &#8220;Gators metode&#8221;, som h\u00f8sten 2020 vant undervisningsprisen ved HSL-fakultetet. Fagfellesskap Forskningsveiledning Ressurser til bruk i undervisningen: nettstedet Gators metode &nbsp;","_links":{"self":[{"href":"https:\/\/blogg.uit.no\/cab025\/wp-json\/wp\/v2\/pages\/17","targetHints":{"allow":["GET"]}}],"collection":[{"href":"https:\/\/blogg.uit.no\/cab025\/wp-json\/wp\/v2\/pages"}],"about":[{"href":"https:\/\/blogg.uit.no\/cab025\/wp-json\/wp\/v2\/types\/page"}],"author":[{"embeddable":true,"href":"https:\/\/blogg.uit.no\/cab025\/wp-json\/wp\/v2\/users\/345"}],"replies":[{"embeddable":true,"href":"https:\/\/blogg.uit.no\/cab025\/wp-json\/wp\/v2\/comments?post=17"}],"version-history":[{"count":8,"href":"https:\/\/blogg.uit.no\/cab025\/wp-json\/wp\/v2\/pages\/17\/revisions"}],"predecessor-version":[{"id":110,"href":"https:\/\/blogg.uit.no\/cab025\/wp-json\/wp\/v2\/pages\/17\/revisions\/110"}],"wp:attachment":[{"href":"https:\/\/blogg.uit.no\/cab025\/wp-json\/wp\/v2\/media?parent=17"}],"curies":[{"name":"wp","href":"https:\/\/api.w.org\/{rel}","templated":true}]}}