{"id":148,"date":"2019-07-09T15:06:07","date_gmt":"2019-07-09T13:06:07","guid":{"rendered":"https:\/\/blogg.uit.no\/ekv014\/?page_id=148"},"modified":"2019-07-11T21:52:33","modified_gmt":"2019-07-11T19:52:33","slug":"about-me","status":"publish","type":"page","link":"https:\/\/blogg.uit.no\/ekv014\/about-me\/","title":{"rendered":"About me"},"content":{"rendered":"<h2>Curriculum vitae\u00a0<span style=\"font-size: 10pt\">(Currently in Norwegian only)<\/span><\/h2>\n<h3><img decoding=\"async\" class=\"wp-image-410 size-thumbnail alignleft\" src=\"https:\/\/blogg.uit.no\/ekv014\/wp-content\/uploads\/sites\/163\/2019\/07\/Juli-2007-200-150x150.jpg\" alt=\"\" width=\"150\" height=\"150\" \/>Ellen-Johanne Kvalsvik<\/h3>\n<p>f. 4. juni 1970<\/p>\n<p>&nbsp;<\/p>\n<h3><\/h3>\n<h3>UTDANNING<\/h3>\n<p><span style=\"font-size: 10pt\">2019 \u00a0 \u00a0 \u00a0 \u00a0 \u00a0 \u00a0 \u00a0 \u00a0 Mastereksamen i <strong>Tourism Studies<\/strong>, Institutt for reiseliv og nordlige studier,\u00a0Campus Alta<\/span><\/p>\n<p><span style=\"font-size: 10pt\">2017 &#8211; 2018 \u00a0 \u00a0 Masterstudier i<strong> Tourism Studies<\/strong> og i <strong>Organisasjon og ledelse,<\/strong> UiT<\/span><\/p>\n<p><span style=\"font-size: 10pt\">2016 \u00a0 \u00a0 \u00a0 \u00a0 \u00a0 \u00a0 \u00a0 \u00a0 Mastereksamen i <strong>Naturbasert reiseliv<\/strong><\/span><\/p>\n<p><span style=\"font-size: 10pt\">2013 &#8211; 2015 \u00a0 \u00a0\u00a0 Masterstudier i <strong>Naturbasert reiseliv<\/strong> og <strong>Entrepren\u00f8rskap og innovasjon, <\/strong><\/span><span style=\"font-size: 10pt\">samt p\u00e5bygging med alle fag fra <strong>Sivil\u00f8konomstudiet<\/strong> ved NMBU<\/span><\/p>\n<p><span style=\"font-size: 10pt\">2011 &#8211; 2012\u00a0\u00a0\u00a0\u00a0\u00a0 <strong>Spesialpedagogikk 1 og 2<\/strong>, NKS<\/span><\/p>\n<p><span style=\"font-size: 10pt\">2004 &#8211; 2006\u00a0\u00a0\u00a0\u00a0\u00a0 <strong>Journaliststudier<\/strong> ved SFJ, H\u00f8gskolen i Bod\u00f8<\/span><\/p>\n<p><span style=\"font-size: 10pt\">1999 &#8211; 2000\u00a0\u00a0\u00a0\u00a0\u00a0 <strong>Praktisk pedagogisk utdanning<\/strong> ved UNIKOM, Univ. i Troms\u00f8 (UiT\u00f8)<\/span><\/p>\n<p><span style=\"font-size: 10pt\">1997 \u00a0 \u00a0 \u00a0 \u00a0 \u00a0 \u00a0 \u00a0 \u00a0 <strong>Prosjektstyring<\/strong> ved UNIKOM, Univ. i Troms\u00f8<\/span><\/p>\n<p><span style=\"font-size: 10pt\">1997\u00a0\u00a0\u00a0\u00a0 \u00a0\u00a0\u00a0\u00a0\u00a0\u00a0\u00a0\u00a0\u00a0\u00a0\u00a0 <strong>Kystsoneplanlegging<\/strong>, etterutdanning ved Norges Fiskerih\u00f8gskole, UiT\u00f8<\/span><\/p>\n<p><span style=\"font-size: 10pt\">1994 &#8211; 1998\u00a0\u00a0\u00a0\u00a0\u00a0 <strong>Cand. scient-studier i ressursbiologi<\/strong> ved Norges Fiskerih\u00f8gskole, UiT\u00f8<\/span><\/p>\n<p><span style=\"font-size: 10pt\">1990 &#8211; 1994\u00a0\u00a0\u00a0\u00a0\u00a0 <strong>Fiskerikandidatstudiet, cand. mag i fiskerifag, <\/strong>ved NFH,UiT\u00f8<\/span><\/p>\n<h3><strong>ARBEIDSERFARING<\/strong><\/h3>\n<p><span style=\"font-size: 10pt\">2019 \u00a0 \u00a0 \u00a0 \u00a0 \u00a0 \u00a0 \u00a0 \u00a0\u00a0<strong>Universitetslektor<\/strong> ved Institutt for Reiseliv og nordlige studier. Underviser i Arctic Adventure Tourism, Methods og Project management.<\/span><\/p>\n<p><span style=\"font-size: 10pt\">2016 \u2013 d.d.\u00a0\u00a0\u00a0\u00a0\u00a0\u00a0 <strong>Kursleder<\/strong> og <strong>instrukt\u00f8r<\/strong> i Den Norske Turistforeningen<\/span><\/p>\n<p><span style=\"font-size: 10pt\">2015 \u2013 2017 \u00a0 \u00a0 <strong>Svangerskapspermisjon<\/strong>, men har deltatt i sm\u00e5 prosjekter i Hammerfest og Akkarfjord<\/span><\/p>\n<p><span style=\"font-size: 10pt\">2013 \u2013 d.d\u00a0\u00a0\u00a0\u00a0\u00a0\u00a0\u00a0 <strong>Konsulent<\/strong> for Johan Kvalsvik AS, utvikling av Akkar Brygge<\/span><\/p>\n<p><span style=\"font-size: 10pt\">2009 &#8211; 2013\u00a0\u00a0\u00a0\u00a0\u00a0 <strong>Daglig leder<\/strong> Akkar Brygge, ombygging, etablering av venterom, turistinformasjon m.m. i Akkarfjord<\/span><\/p>\n<p><span style=\"font-size: 10pt\">2008 &#8211; 2009\u00a0\u00a0\u00a0\u00a0\u00a0 <strong>Prosjektleder\/konsulent<\/strong> i Kvalitetskommuneprogrammet, <strong>prosjektstyrer<\/strong> Newtonrom i Mel\u00f8y.<\/span><\/p>\n<p><span style=\"font-size: 10pt\">2008 &#8211; 2009\u00a0\u00a0\u00a0\u00a0\u00a0 <strong>Enhetsleder (rektor)<\/strong> Reip\u00e5 barneskole og skolefritidsordning, Mel\u00f8y kommune<\/span><\/p>\n<p><span style=\"font-size: 10pt\">2008 \u00a0 \u00a0 \u00a0 \u00a0 \u00a0 \u00a0 \u00a0 \u00a0 <strong>St\u00f8ttekontakt<\/strong> for ei jente med cerebral parese i Bod\u00f8<\/span><\/p>\n<p><span style=\"font-size: 10pt\">2007 &#8211; 2008\u00a0\u00a0\u00a0\u00a0\u00a0 <strong>Informasjonsr\u00e5dgiver<\/strong>, stab, Fylkesmannen i Nordland<\/span><\/p>\n<p><span style=\"font-size: 10pt\">2006 &#8211; 2007\u00a0\u00a0\u00a0\u00a0\u00a0 <strong>Realfagsl\u00e6rer<\/strong>, 1MY, 1MX, NA 5og 2, 1NA, 2BI, samt nettl\u00e6rer i naturfag, ved Bod\u00f8 vgs og OPUS Bod\u00f8, Nordland fylkeskommune<\/span><\/p>\n<p><span style=\"font-size: 10pt\">2006 &#8211; 2008\u00a0\u00a0\u00a0\u00a0\u00a0 <strong>Daglig leder<\/strong>, eget prosjekteringsselskap for Akkarfjord Brygge AS<\/span><\/p>\n<p><span style=\"font-size: 10pt\">2005 &#8211; 2006\u00a0\u00a0\u00a0\u00a0\u00a0 <strong>Undervisningsansvarlig<\/strong> i Newton Summer Camp, Bod\u00f8<\/span><\/p>\n<p><span style=\"font-size: 10pt\">2006 \u00a0 \u00a0 \u00a0 \u00a0 \u00a0 \u00a0 \u00a0 \u00a0 <strong>Journalist, <\/strong>RadioAdressa, Adresseavisen, Trondheim<\/span><\/p>\n<p><span style=\"font-size: 10pt\">2005 \u00a0 \u00a0 \u00a0 \u00a0 \u00a0 \u00a0 \u00a0 \u00a0 <strong>Realfagl\u00e6rer, <\/strong>3KJ, 1MX, for Voksenoppl\u00e6ringen i Forsvaret, Bod\u00f8<\/span><\/p>\n<p><span style=\"font-size: 10pt\">2005 \u00a0 \u00a0 \u00a0 \u00a0 \u00a0 \u00a0 \u00a0 \u00a0 <strong>Skribent<\/strong> og <strong>fotograf <\/strong>for Nordland Fylkes Fiskarlag i Fiskeribladet<\/span><\/p>\n<p><span style=\"font-size: 10pt\">2004 &#8211; 2006\u00a0\u00a0\u00a0\u00a0\u00a0 <strong>Journalist<\/strong>, frilanse og sommerjobb ved NRK Nordland<\/span><\/p>\n<p><span style=\"font-size: 10pt\">2004 &#8211; 2005\u00a0\u00a0\u00a0\u00a0\u00a0 <strong>Prosjektleder<\/strong> Bygdeutviklingsprosjektet i Akkarfjord, S\u00f8r\u00f8y, Akkarfjord bygdelag<\/span><\/p>\n<p><span style=\"font-size: 10pt\">2002 &#8211; 2004\u00a0\u00a0\u00a0\u00a0\u00a0 <strong>Daglig leder<\/strong> Ungt Entrepren\u00f8rskap i Troms, ansatt i NHO Troms, nasjonal prosjektleder reiseliv og fiskeri, <strong>prosjektutvikle<\/strong>r for Young\u00a0<\/span><span style=\"font-size: 10pt\">Entrepreneur Factory i Interreg IIIb<\/span><\/p>\n<p><span style=\"font-size: 10pt\">2000 &#8211; 2002\u00a0\u00a0\u00a0\u00a0\u00a0 <strong>Klassestyrer og yrkesfagl\u00e6rer<\/strong> ved naturbruk grunnkurs, Kval\u00f8ya vgs, prosjektkoordinator for skolens deltakelse i prosjektene Ungdom og\u00a0<\/span><span style=\"font-size: 10pt\">milj\u00f8 og Northern Future i regi av Foreningen Norden, og for Ecologic camp i Apatity, Russland, i regi av Barentssamarbeidet. <strong>Fagstyrer<\/strong> for\u00a0<\/span><span style=\"font-size: 10pt\">Naturbruk, <strong>arbeidsplasstillitsvalgt<\/strong> og <strong>koordinator<\/strong> for Utdanningsuka for ansatte ved Kval\u00f8ya vgs.<\/span><\/p>\n<p><span style=\"font-size: 10pt\">1999 &#8211; 2000 \u00a0\u00a0\u00a0\u00a0 <strong>L\u00e6rer<\/strong>, 50 % vikariat, naturbruk, naturfag, 1MX, 1MY, 2KJ, 2BI, 3BI, ved Kval\u00f8ya vgs<\/span><\/p>\n<p><span style=\"font-size: 10pt\">1998 &#8211; 2000\u00a0\u00a0\u00a0\u00a0\u00a0 <strong>Prosjektstyrer,<\/strong> <strong>informasjonsmedarbeider og akvarist<\/strong> ved opplevelsessenteret Polaria, ansatt ved Norsk Polarinstitutt.<\/span><\/p>\n<p><span style=\"font-size: 10pt\">1998 &#8211; 1999\u00a0\u00a0\u00a0\u00a0\u00a0 <strong>Vikar<\/strong> ved Olsten Norsk Personal (11 ulike oppdragsgivere), der jeg blant annet var sekret\u00e6r for professorene i den internasjonale\u00a0<\/span><span style=\"font-size: 10pt\">studieevalueringsgruppen ved UNIS, Svalbard<\/span><\/p>\n<p><span style=\"font-size: 10pt\">1996 &#8211; 1998\u00a0\u00a0\u00a0\u00a0\u00a0 <strong>Prosjektmedarbeider<\/strong> med fagansvar fiskerifag, varehandel, innkj\u00f8p og kontor i prosjektet GRIP troms\u00f8\/Milj\u00f8forum Nord under Milj\u00f8verndep.,\u00a0<\/span><span style=\"font-size: 10pt\">lokal arbeidsgiver Gr\u00f8ner Troms\u00f8 AS<\/span><\/p>\n<p><span style=\"font-size: 10pt\">1996 &#8211; 1999\u00a0\u00a0\u00a0\u00a0\u00a0 <strong>Smaksdommer <\/strong>ved Fiskeriforskning i Troms\u00f8<\/span><\/p>\n<p><span style=\"font-size: 10pt\">1995 &#8211; 1997\u00a0\u00a0\u00a0\u00a0\u00a0 <strong>Kursassistent<\/strong> i akvatisk \u00f8kologi og marin biologi ved Norges Fiskerih\u00f8gskole<\/span><\/p>\n<p><span style=\"font-size: 10pt\">1994 \u00a0 \u00a0 \u00a0 \u00a0 \u00a0 \u00a0 \u00a0 \u00a0 <strong>Informasjonsmedarbeider<\/strong> for LOOC i Transportseksjonen p\u00e5 Medie- og Hovedpressesenteret under OL p\u00e5 Lillehammer<\/span><\/p>\n<p><span style=\"font-size: 10pt\">1993 -1994\u00a0\u00a0\u00a0\u00a0\u00a0\u00a0 <strong>Instrukt\u00f8r, selger, dykkeleder og redningsdykker <\/strong>ved Dykkersentret, Troms\u00f8<\/span><\/p>\n<p><span style=\"font-size: 10pt\">1989 -1990\u00a0\u00a0\u00a0\u00a0\u00a0\u00a0 <strong>Praktikant\/r\u00f8kter\/lakseslakter<\/strong> p\u00e5 Vitalaks AS og A-laks AS<\/span><\/p>\n<p><span style=\"font-size: 10pt\">1970 &#8211; d.d\u00a0\u00a0\u00a0\u00a0\u00a0\u00a0\u00a0\u00a0 <strong>Medarbeider og medeier <\/strong>i familiefirmaet Firma Johan Kvalsvik, n\u00e5 Johan Kvalsvik AS<\/span><\/p>\n<h3><strong>FAGLIGE FOREDRAG<\/strong><\/h3>\n<p><span style=\"font-size: 10pt\">2002 &#8211; 2004\u00a0\u00a0\u00a0\u00a0\u00a0\u00a0 Diverse foredrag knyttet til satsing p\u00e5 <strong>lokal, regional og nasjonal n\u00e6ringsutvikling, samt rekruttering, utdanning og ledelse <\/strong>i regi av\u00a0<\/span><span style=\"font-size: 10pt\">Ungt Entrepren\u00f8rskap i Troms<\/span><\/p>\n<p><span style=\"font-size: 10pt\">2001 \u00a0 \u00a0 \u00a0 \u00a0 \u00a0 \u00a0 \u00a0 \u00a0\u00a0 <strong>Nasjonalt og internasjonalt partnerskap p\u00e5 Naturbruk<\/strong>, Euromat, Fiskerin\u00e6ringens kompetansestyre<\/span><\/p>\n<h3><strong>KURS OG SEMINARER<\/strong><\/h3>\n<p><span style=\"font-size: 10pt\">2012 &#8211; 2016\u00a0\u00a0\u00a0\u00a0\u00a0 <strong>Ambassad\u00f8rkurs, Turleder-, Sommerturleder- og Kurslederkurs<\/strong> i regi av DNT.<\/span><\/p>\n<p><span style=\"font-size: 10pt\">2009-11\u00a0\u00a0\u00a0\u00a0\u00a0\u00a0\u00a0\u00a0\u00a0\u00a0\u00a0 <strong>Handikapleder I, II og III, ridning<\/strong>, Norsk hestesenter<\/span><\/p>\n<p><span style=\"font-size: 10pt\">2007 \u00a0 \u00a0 \u00a0 \u00a0 \u00a0 \u00a0 \u00a0 \u00a0 <strong>HMS-kurs (30 timer)<\/strong>, Hemis\/Fylkesmannen<\/span><\/p>\n<p><span style=\"font-size: 10pt\">2007 \u00a0 \u00a0 \u00a0 \u00a0 \u00a0 \u00a0 \u00a0 \u00a0 <strong>Aktivitetsleder barneidrett<\/strong>, Nordland idrettskrets<\/span><\/p>\n<p><span style=\"font-size: 10pt\">2006 \u00a0 \u00a0 \u00a0 \u00a0 \u00a0 \u00a0 \u00a0 \u00a0 <strong>Klatreinstrukt\u00f8r<\/strong> sportsklatring, Trener I sport<\/span><\/p>\n<p><span style=\"font-size: 10pt\">2006 \u00a0 \u00a0 \u00a0 \u00a0 \u00a0 \u00a0 \u00a0 \u00a0 <strong>Fysikkdidaktikk<\/strong>, And\u00f8ya rakettskytefelt, Nordland fylkeskommune<\/span><\/p>\n<p><span style=\"font-size: 10pt\">2005 \u00a0 \u00a0 \u00a0 \u00a0 \u00a0 \u00a0 \u00a0 \u00a0 <strong>Ledsager handicapidrett<\/strong>, Aktiv fritid i Nordland<\/span><\/p>\n<p><span style=\"font-size: 10pt\">2004 \u00a0 \u00a0 \u00a0 \u00a0 \u00a0 \u00a0 \u00a0 \u00a0 <strong>Etablererskole <\/strong>Alkymisten, Innovasjon Norge<\/span><\/p>\n<p><span style=\"font-size: 10pt\">2003 &#8211; 2004\u00a0\u00a0\u00a0\u00a0\u00a0 <strong>Coachingskolen med vekt p\u00e5 pedagogisk coaching (10 mnd)<\/strong>, Ringom-instituttet<\/span><\/p>\n<p><span style=\"font-size: 10pt\">2000 &#8211; 2004\u00a0\u00a0\u00a0\u00a0\u00a0 NHO\u2019s interne <strong>lederutviklingsprogram<\/strong>, deltakelse i diverse nasjonale og internasjonale konferanser, seminarer og messer tilknyttet feltene <\/span><span style=\"font-size: 10pt\"><strong>\u00a0 \u00a0 \u00a0 \u00a0 \u00a0 \u00a0 \u00a0 \u00a0\u00a0 utdanning, entrepren\u00f8rskap, innovasjon og n\u00e6ringsutvikling<\/strong><\/span><\/p>\n<p><span style=\"font-size: 10pt\">2002 \u00a0 \u00a0 \u00a0 \u00a0 \u00a0 \u00a0 \u00a0 \u00a0 <strong>God nabo<\/strong>, med Politiet i Troms\u00f8, og L<strong>ov og rett i borettslag<\/strong>, med Advokat Finn Stormfelt<\/span><\/p>\n<p><span style=\"font-size: 10pt\">2002 \u00a0 \u00a0 \u00a0 \u00a0 \u00a0 \u00a0 \u00a0 \u00a0 <strong>Russiskkurs<\/strong> i Arkhangelsk, Gostinyj Dvor, ved Nordland Fylkeskommune<\/span><\/p>\n<p><span style=\"font-size: 10pt\">2001 &#8211; 2002\u00a0\u00a0\u00a0\u00a0\u00a0 <strong>Skolering av tillitsvalgte<\/strong> i L\u00e6rerforbundet og Utdanningsforbundet<\/span><\/p>\n<p><span style=\"font-size: 10pt\">2001 \u00a0 \u00a0 \u00a0 \u00a0 \u00a0 \u00a0 \u00a0 \u00a0 <strong>IKT for skoleverket, <\/strong>internt kurs ved Kval\u00f8ya vgs<\/span><\/p>\n<p><span style=\"font-size: 10pt\">1993 &#8211; 1994\u00a0\u00a0\u00a0\u00a0\u00a0 Oppl\u00e6ring i <strong>reiselivskunnskap, informasjonsarbeid, PR og medieh\u00e5ndtering<\/strong>, LOOC<\/span><\/p>\n<p><span style=\"font-size: 10pt\">1992 \u00a0 \u00a0 \u00a0 \u00a0 \u00a0 \u00a0 \u00a0 \u00a0 <strong>L\u00e6r \u00e5 l\u00e6re, Tenk Positivt<\/strong> og <strong>Bli mer effektiv<\/strong> med Bj\u00f8rn Ringom<\/span><\/p>\n<h3><strong>ARBEIDSRELATERTE OG L\u00d8NNEDE TILLITSVERV<\/strong><\/h3>\n<p><span style=\"font-size: 10pt\">F.o.m 1997\u00a0\u00a0\u00a0\u00a0\u00a0\u00a0 <strong>Styremedlem<\/strong> og <strong>aksjon\u00e6r<\/strong> i fiskeindustribedriften Johan Kvalsvik AS<\/span><\/p>\n<p><span style=\"font-size: 10pt\">2007 &#8211; 2008\u00a0\u00a0\u00a0\u00a0\u00a0 <strong>Leder<\/strong> av infostab og <strong>informasjonssjef<\/strong> for i Fylkesberedskapsr\u00e5det i Nordland<\/span><\/p>\n<p><span style=\"font-size: 10pt\">2006 &#8211; 2007\u00a0\u00a0\u00a0\u00a0\u00a0 <strong>Arbeidsplasstillitsvalgt<\/strong> for Tekna, Bod\u00f8 videreg\u00e5ende skole<\/span><\/p>\n<p><span style=\"font-size: 10pt\">2004 &#8211; 2006\u00a0\u00a0\u00a0\u00a0\u00a0 <strong>Styremedlem<\/strong> i prosjektorganisasjonen til First Lego League i Bod\u00f8<\/span><\/p>\n<p><span style=\"font-size: 10pt\">2002 &#8211; 2004\u00a0\u00a0\u00a0\u00a0\u00a0 <strong>Fagr\u00e5dsleder<\/strong> og <strong>repr. i div. utvalg<\/strong> for Utdanningsforbundet ifm Kvalitetsreformen<\/span><\/p>\n<p><span style=\"font-size: 10pt\">2002 &#8211; 2004\u00a0\u00a0\u00a0\u00a0\u00a0 <strong>Nestleder <\/strong>i Troms\u00f8 H\u00f8yre<strong>, skolepolitisk talskvinne<\/strong> og <strong>leder for i N\u00e6ringsutvalget<\/strong><\/span><\/p>\n<p><span style=\"font-size: 10pt\">2001 &#8211; 2003\u00a0\u00a0\u00a0\u00a0\u00a0 <strong>Styreleder<\/strong> i Solveien borettslag, Troms\u00f8<\/span><\/p>\n<p><span style=\"font-size: 10pt\">2001 &#8211; 2002\u00a0\u00a0\u00a0\u00a0\u00a0 <strong>Klubbleder og tillitsvalgt<\/strong>, L\u00e6rerforbundet\/Utdanningsforbundet, Kval\u00f8ya VGS<\/span><\/p>\n<p><span style=\"font-size: 10pt\">1991 &#8211; 1994\u00a0\u00a0\u00a0\u00a0\u00a0 <strong>Sekret\u00e6r<\/strong> f\u00f8rste \u00e5ret og s\u00e5 <strong>leder<\/strong> for Fiskerifaglig forum<\/span><\/p>\n<p><span style=\"font-size: 10pt\">1992 &#8211; 1993\u00a0\u00a0\u00a0\u00a0\u00a0 <strong>Nestleder<\/strong> i styret i fiskeindustribedriften Ringnes AS, Akkarfjord<\/span><\/p>\n<h3><strong>SPR\u00c5K<\/strong><\/h3>\n<p><span style=\"font-size: 10pt\"><strong>Norsk\u00a0\u00a0\u00a0\u00a0\u00a0\u00a0\u00a0\u00a0\u00a0\u00a0\u00a0\u00a0\u00a0 <\/strong>Morsm\u00e5l er bokm\u00e5l, men skriver og leser uten problemer ogs\u00e5 nynorsk<\/span><\/p>\n<p><span style=\"font-size: 10pt\"><strong>Nordisk<\/strong> \u00a0\u00a0\u00a0\u00a0\u00a0\u00a0\u00a0\u00a0\u00a0 Forst\u00e5r b\u00e5de svensk og dansk uten st\u00f8rre problemer og kommuniserer brukbart muntlig<\/span><\/p>\n<p><span style=\"font-size: 10pt\"><strong>Engelsk\u00a0\u00a0\u00a0\u00a0\u00a0\u00a0\u00a0\u00a0\u00a0\u00a0 <\/strong>Behersker spr\u00e5ket godt b\u00e5de muntlig og skriftlig<\/span><\/p>\n<p><span style=\"font-size: 10pt\"><strong>Tysk<\/strong>\u00a0\u00a0\u00a0\u00a0\u00a0\u00a0\u00a0\u00a0\u00a0\u00a0\u00a0\u00a0\u00a0\u00a0\u00a0 C-kurs<\/span><\/p>\n<p><span style=\"font-size: 10pt\"><strong>Fransk<\/strong> \u00a0 \u00a0 \u00a0 \u00a0 \u00a0\u00a0 C-kurs<\/span><\/p>\n<p><span style=\"font-size: 10pt\"><strong>Russisk<\/strong> \u00a0 \u00a0 \u00a0 \u00a0\u00a0 C-kurs<\/span><\/p>\n<h3><strong>KONTAKTINFORMASJON<\/strong><\/h3>\n<p><span style=\"font-size: 10pt\">Adresse: \u00a0\u00a0\u00a0\u00a0\u00a0\u00a0\u00a0\u00a0 Skrednes, 9650 Akkarfjord p\u00e5 S\u00f8r\u00f8ya<\/span><\/p>\n<p><span style=\"font-size: 10pt\">E-post:\u00a0\u00a0\u00a0\u00a0\u00a0\u00a0\u00a0\u00a0\u00a0\u00a0\u00a0 ellen-j.kvalsvik@live.no<\/span><\/p>\n<p><span style=\"font-size: 10pt\">Mobil: \u00a0 \u00a0 \u00a0 \u00a0 \u00a0 \u00a0\u00a0 9700 2239<\/span><\/p>\n","protected":false},"excerpt":{"rendered":"<p>Curriculum vitae\u00a0(Currently in Norwegian only) Ellen-Johanne Kvalsvik f. 4. juni 1970 &nbsp; UTDANNING 2019 \u00a0 \u00a0 \u00a0 \u00a0 \u00a0 \u00a0 \u00a0 \u00a0 Mastereksamen i Tourism Studies, Institutt for reiseliv og nordlige studier,\u00a0Campus Alta 2017 &#8211; 2018 \u00a0 \u00a0 Masterstudier i Tourism Studies og i Organisasjon og ledelse, UiT 2016 \u00a0 \u00a0 \u00a0 \u00a0 \u00a0 \u00a0 [&hellip;]<\/p>\n","protected":false},"author":272,"featured_media":0,"parent":0,"menu_order":0,"comment_status":"closed","ping_status":"closed","template":"","meta":{"_et_pb_use_builder":"","_et_pb_old_content":"","_et_gb_content_width":"","footnotes":""},"class_list":["post-148","page","type-page","status-publish","hentry"],"featured_image_src":"","featured_image_src_square":false,"rbea_author_info":{"display_name":"Ellen-Johanne Kvalsvik","author_link":"https:\/\/blogg.uit.no\/ekv014\/author\/ellen-johanne-kvalsvik\/"},"rbea_excerpt_info":"Curriculum vitae\u00a0(Currently in Norwegian only) Ellen-Johanne Kvalsvik f. 4. juni 1970 &nbsp; UTDANNING 2019 \u00a0 \u00a0 \u00a0 \u00a0 \u00a0 \u00a0 \u00a0 \u00a0 Mastereksamen i Tourism Studies, Institutt for reiseliv og nordlige studier,\u00a0Campus Alta 2017 &#8211; 2018 \u00a0 \u00a0 Masterstudier i Tourism Studies og i Organisasjon og ledelse, UiT 2016 \u00a0 \u00a0 \u00a0 \u00a0 \u00a0 \u00a0 [&hellip;]","_links":{"self":[{"href":"https:\/\/blogg.uit.no\/ekv014\/wp-json\/wp\/v2\/pages\/148","targetHints":{"allow":["GET"]}}],"collection":[{"href":"https:\/\/blogg.uit.no\/ekv014\/wp-json\/wp\/v2\/pages"}],"about":[{"href":"https:\/\/blogg.uit.no\/ekv014\/wp-json\/wp\/v2\/types\/page"}],"author":[{"embeddable":true,"href":"https:\/\/blogg.uit.no\/ekv014\/wp-json\/wp\/v2\/users\/272"}],"replies":[{"embeddable":true,"href":"https:\/\/blogg.uit.no\/ekv014\/wp-json\/wp\/v2\/comments?post=148"}],"version-history":[{"count":15,"href":"https:\/\/blogg.uit.no\/ekv014\/wp-json\/wp\/v2\/pages\/148\/revisions"}],"predecessor-version":[{"id":437,"href":"https:\/\/blogg.uit.no\/ekv014\/wp-json\/wp\/v2\/pages\/148\/revisions\/437"}],"wp:attachment":[{"href":"https:\/\/blogg.uit.no\/ekv014\/wp-json\/wp\/v2\/media?parent=148"}],"curies":[{"name":"wp","href":"https:\/\/api.w.org\/{rel}","templated":true}]}}