{"id":18,"date":"2019-07-09T10:16:52","date_gmt":"2019-07-09T08:16:52","guid":{"rendered":"https:\/\/blogg.uit.no\/ekv014\/?page_id=18"},"modified":"2019-07-09T14:20:42","modified_gmt":"2019-07-09T12:20:42","slug":"list-of-words","status":"publish","type":"page","link":"https:\/\/blogg.uit.no\/ekv014\/list-of-words\/","title":{"rendered":"List of North S\u00e1mi Words"},"content":{"rendered":"<p>The following words have been used to enlighten my work. I have not used all of them in the written text, and not all words in the text are presented. These are words I had to investigate to develop my own analytical view and to understand this specific S\u00e1mi way of knowing.<\/p>\n<table width=\"586\">\n<tbody>\n<tr>\n<td width=\"217\"><strong>North S\u00e1mi<\/strong><\/td>\n<td width=\"170\"><strong>Norwegian<\/strong><\/td>\n<td width=\"198\"><strong>English<\/strong><\/td>\n<\/tr>\n<tr>\n<td width=\"217\">Jietna<\/td>\n<td width=\"170\">Lyd<\/td>\n<td width=\"198\">Sound<\/td>\n<\/tr>\n<tr>\n<td width=\"217\">Jietnagovva<\/td>\n<td width=\"170\">Lydbilde<\/td>\n<td width=\"198\">Soundscape<\/td>\n<\/tr>\n<tr>\n<td width=\"217\">Jeagadit<\/td>\n<td width=\"170\">\u00c5 lyde (transitivt)<\/td>\n<td width=\"198\">To sound (transitive)<\/td>\n<\/tr>\n<tr>\n<td width=\"217\">\u0108uodjat<\/td>\n<td width=\"170\">\u00c5 lyde, \u00e5 klinge<\/td>\n<td width=\"198\">To sound, to resound<\/td>\n<\/tr>\n<tr>\n<td width=\"217\">Skillat<\/td>\n<td width=\"170\">\u00c5 klinge, klirre<\/td>\n<td width=\"198\">To resound, clink, clash, jingle<\/td>\n<\/tr>\n<tr>\n<td width=\"217\">\u0160uok\u014ba<\/td>\n<td width=\"170\">Klang<\/td>\n<td width=\"198\">Clink, jingle<\/td>\n<\/tr>\n<tr>\n<td width=\"217\">Gilkkas<\/td>\n<td width=\"170\">Klang<\/td>\n<td width=\"198\">Sound<\/td>\n<\/tr>\n<tr>\n<td width=\"217\">Guldalit<\/td>\n<td width=\"170\">\u00c5 lytte (transitivt)<\/td>\n<td width=\"198\">Listen (transitive)<\/td>\n<\/tr>\n<tr>\n<td width=\"217\">Gullat<\/td>\n<td width=\"170\">\u00c5 h\u00f8re (transitivt)<\/td>\n<td width=\"198\">To hear (transitive)<\/td>\n<\/tr>\n<tr>\n<td width=\"217\">Gulastit<\/td>\n<td width=\"170\">\u00c5 h\u00f8re<\/td>\n<td width=\"198\">To hear<\/td>\n<\/tr>\n<tr>\n<td width=\"217\">Gullostallat<\/td>\n<td width=\"170\">H\u00f8res litt av og til<\/td>\n<td width=\"198\">Sometimes it sounds<\/td>\n<\/tr>\n<tr>\n<td width=\"217\">Duoga\u0161jienat<\/td>\n<td width=\"170\">Bakgrunnslyd<\/td>\n<td width=\"198\">Background sound<\/td>\n<\/tr>\n<tr>\n<td width=\"217\">Lotka<\/td>\n<td width=\"170\">Stillhet<\/td>\n<td width=\"198\">Silence<\/td>\n<\/tr>\n<tr>\n<td width=\"217\">\u0160lapma<\/td>\n<td width=\"170\">Bulder, brus, st\u00f8y<\/td>\n<td width=\"198\">Bouldering, noise<\/td>\n<\/tr>\n<tr>\n<td width=\"217\">Baj\u00e1n<\/td>\n<td width=\"170\">Brake, tordne, torden<\/td>\n<td width=\"198\">Boulder, thundering, thunder<\/td>\n<\/tr>\n<tr>\n<td width=\"217\">Julkit<\/td>\n<td width=\"170\">Dundre<\/td>\n<td width=\"198\">Bouldering<\/td>\n<\/tr>\n<tr>\n<td width=\"217\">Jullat<\/td>\n<td width=\"170\">Dr\u00f8nne<\/td>\n<td width=\"198\">Thuds, roar<\/td>\n<\/tr>\n<tr>\n<td width=\"217\">Juhcat<\/td>\n<td width=\"170\">Bruse, suse<\/td>\n<td width=\"198\">Hurtling<\/td>\n<\/tr>\n<tr>\n<td width=\"217\">Jurrat<\/td>\n<td width=\"170\">Dure<\/td>\n<td width=\"198\">Hum<\/td>\n<\/tr>\n<tr>\n<td width=\"217\">\u0160uvihit<\/td>\n<td width=\"170\">Suse<\/td>\n<td width=\"198\">Whizzing<\/td>\n<\/tr>\n<tr>\n<td width=\"217\">\u0160uvvat<\/td>\n<td width=\"170\">\u00c5 suse (intransitivt)<\/td>\n<td width=\"198\">To whiz<\/td>\n<\/tr>\n<tr>\n<td width=\"217\">\u0160uvva<\/td>\n<td width=\"170\">Sus<\/td>\n<td width=\"198\">A whiz<\/td>\n<\/tr>\n<tr>\n<td width=\"217\">M\u00e1rrat<\/td>\n<td width=\"170\">Bruse, dure<\/td>\n<td width=\"198\">Hurtling, humming<\/td>\n<\/tr>\n<tr>\n<td width=\"217\">Skoah\u010dat<\/td>\n<td width=\"170\">Rasle<\/td>\n<td width=\"198\">Rustle<\/td>\n<\/tr>\n<tr>\n<td width=\"217\">\u0160njirrat<\/td>\n<td width=\"170\">Sprake<\/td>\n<td width=\"198\">Crackle<\/td>\n<\/tr>\n<tr>\n<td width=\"217\">\u0160njirgut<\/td>\n<td width=\"170\">Vrinske<\/td>\n<td width=\"198\">Neighing<\/td>\n<\/tr>\n<tr>\n<td width=\"217\">\u0160njivvat<\/td>\n<td width=\"170\">Hvine<\/td>\n<td width=\"198\">Squeal<\/td>\n<\/tr>\n<tr>\n<td width=\"217\">Rea\u0161kkas<\/td>\n<td width=\"170\">Latter<\/td>\n<td width=\"198\">Laughter<\/td>\n<\/tr>\n<tr>\n<td width=\"217\">\u0108ierrut<\/td>\n<td width=\"170\">Gr\u00e5te<\/td>\n<td width=\"198\">Weep<\/td>\n<\/tr>\n<tr>\n<td width=\"217\">Ganjaldit<\/td>\n<td width=\"170\">Gr\u00e5te<\/td>\n<td width=\"198\">Cry<\/td>\n<\/tr>\n<tr>\n<td width=\"217\">B\u00e1rgut<\/td>\n<td width=\"170\">Hulke, raute, skrike, knirke<\/td>\n<td width=\"198\">Sob, moo, scream, squeak<\/td>\n<\/tr>\n<tr>\n<td width=\"217\">Gih\u010dat<\/td>\n<td width=\"170\">Knirke<\/td>\n<td width=\"198\">Squeak<\/td>\n<\/tr>\n<tr>\n<td width=\"217\">Lahcat<\/td>\n<td width=\"170\">Knake<\/td>\n<td width=\"198\">Squeak<\/td>\n<\/tr>\n<tr>\n<td width=\"217\"><strong>North S\u00e1mi<\/strong><\/td>\n<td width=\"170\"><strong>Norwegian<\/strong><\/td>\n<td width=\"198\"><strong>English<\/strong><\/td>\n<\/tr>\n<tr>\n<td width=\"217\">Dolla<\/td>\n<td width=\"170\">B\u00e5l<\/td>\n<td width=\"198\">Camp fire<\/td>\n<\/tr>\n<tr>\n<td width=\"217\">Jierbmi<\/td>\n<td width=\"170\">Fornuft<\/td>\n<td width=\"198\">Sense<\/td>\n<\/tr>\n<tr>\n<td width=\"217\">Jierggala\u0161, jierpm\u00e1la\u0161<\/td>\n<td width=\"170\">Fornuftig<\/td>\n<td width=\"198\">Sensible<\/td>\n<\/tr>\n<tr>\n<td width=\"217\">Dovdu<\/td>\n<td width=\"170\">Erfaring, f\u00f8lelse<\/td>\n<td width=\"198\">Experience, feeling<\/td>\n<\/tr>\n<tr>\n<td width=\"217\">Dovdda<\/td>\n<td width=\"170\">Sans<\/td>\n<td width=\"198\">Sense<\/td>\n<\/tr>\n<tr>\n<td width=\"217\">Dovddaipm\u00e1rdus<\/td>\n<td width=\"170\">Persepsjon<\/td>\n<td width=\"198\">Perception<\/td>\n<\/tr>\n<tr>\n<td width=\"217\">Dovddav\u00e1sihus<\/td>\n<td width=\"170\">Emosjon<\/td>\n<td width=\"198\">Emotion<\/td>\n<\/tr>\n<tr>\n<td width=\"217\">Dovddav\u00e1ikkuhus<\/td>\n<td width=\"170\">Stimuli<\/td>\n<td width=\"198\">Stimulus<\/td>\n<\/tr>\n<tr>\n<td width=\"217\">Dovddiidit<\/td>\n<td width=\"170\">L\u00e6re \u00e5 kjenne<\/td>\n<td width=\"198\">Learn to know<\/td>\n<\/tr>\n<tr>\n<td width=\"217\">D\u00e1idu<\/td>\n<td width=\"170\">Forstand<\/td>\n<td width=\"198\">Sense<\/td>\n<\/tr>\n<tr>\n<td width=\"217\">Diethu<\/td>\n<td width=\"170\">Beskjed, informasjon, viten<\/td>\n<td width=\"198\">Message, information<\/td>\n<\/tr>\n<tr>\n<td width=\"217\">M\u00e1httu<\/td>\n<td width=\"170\">Ferdighet, kvalifikasjon<\/td>\n<td width=\"198\">Skill, qualification<\/td>\n<\/tr>\n<tr>\n<td width=\"217\">Oahppa<\/td>\n<td width=\"170\">L\u00e6re kunnskap<\/td>\n<td width=\"198\">Learn knowledge<\/td>\n<\/tr>\n<tr>\n<td width=\"217\">Oahppu<\/td>\n<td width=\"170\">Oppl\u00e6ring, utdanning<\/td>\n<td width=\"198\">Learning, education<\/td>\n<\/tr>\n<tr>\n<td width=\"217\">V\u00e1s\u00e1husdiethu<\/td>\n<td width=\"170\">Erfaring<\/td>\n<td width=\"198\">Experience<\/td>\n<\/tr>\n<tr>\n<td width=\"217\">Oahppalat<\/td>\n<td width=\"170\">L\u00e6re<\/td>\n<td width=\"198\">Learn<\/td>\n<\/tr>\n<tr>\n<td width=\"217\">Oahpit<\/td>\n<td width=\"170\">Undervise<\/td>\n<td width=\"198\">Teaching<\/td>\n<\/tr>\n<tr>\n<td width=\"217\">Oahppat<\/td>\n<td width=\"170\">Se etter fangst<\/td>\n<td width=\"198\">Look for catch<\/td>\n<\/tr>\n<tr>\n<td width=\"217\">Vierru<\/td>\n<td width=\"170\">Rutine, skikk, vane<\/td>\n<td width=\"198\">Routine, custom, habit<\/td>\n<\/tr>\n<tr>\n<td width=\"217\">B\u00e1ikediehtu<\/td>\n<td width=\"170\">Lokalkunnskap<\/td>\n<td width=\"198\">Local knowledge<\/td>\n<\/tr>\n<tr>\n<td width=\"217\">Beassat<\/td>\n<td width=\"170\">F\u00e5 anledning til<\/td>\n<td width=\"198\">Have the opportunity<\/td>\n<\/tr>\n<tr>\n<td width=\"217\">Lonohallat<\/td>\n<td width=\"170\">Bytte, skifte, utveksle<\/td>\n<td width=\"198\">Change, exchange<\/td>\n<\/tr>\n<tr>\n<td width=\"217\">Fidnooahppi<\/td>\n<td width=\"170\">L\u00e6rling<\/td>\n<td width=\"198\">Apprentice<\/td>\n<\/tr>\n<tr>\n<td width=\"217\">Mea\u0161ttir<\/td>\n<td width=\"170\">Mester<\/td>\n<td width=\"198\">Master<\/td>\n<\/tr>\n<tr>\n<td width=\"217\">Oahpistit<\/td>\n<td width=\"170\">Guide (verb)<\/td>\n<td width=\"198\">Guiding<\/td>\n<\/tr>\n<tr>\n<td width=\"217\">Oaivadit<\/td>\n<td width=\"170\">Veilede<\/td>\n<td width=\"198\">Supervise<\/td>\n<\/tr>\n<tr>\n<td width=\"217\">Neavva, r\u00e1ddi<\/td>\n<td width=\"170\">R\u00e5d<\/td>\n<td width=\"198\">Advise<\/td>\n<\/tr>\n<tr>\n<td width=\"217\">R\u00e1\u0111\u0111eaddi<\/td>\n<td width=\"170\">R\u00e5dgiver<\/td>\n<td width=\"198\">Advisor<\/td>\n<\/tr>\n<tr>\n<td width=\"217\">M\u00e1nnastit<\/td>\n<td width=\"170\">Fortelle<\/td>\n<td width=\"198\">Tell<\/td>\n<\/tr>\n<tr>\n<td width=\"217\">Muitaladdat, muitalit<\/td>\n<td width=\"170\">Fortelle, formidle<\/td>\n<td width=\"198\">Tell, convey<\/td>\n<\/tr>\n<tr>\n<td width=\"217\">Muitaleaddji<\/td>\n<td width=\"170\">Forteller<\/td>\n<td width=\"198\">Storyteller<\/td>\n<\/tr>\n<tr>\n<td width=\"217\">M\u00e1innastand\u00e1idda<\/td>\n<td width=\"170\">Fortellerkunst<\/td>\n<td width=\"198\">Storytelling<\/td>\n<\/tr>\n<tr>\n<td width=\"217\">\u010cuvget<\/td>\n<td width=\"170\">Belyse, opplyse<\/td>\n<td width=\"198\">Enlighten<\/td>\n<\/tr>\n<tr>\n<td width=\"217\">Meinnet<\/td>\n<td width=\"170\">Mening<\/td>\n<td width=\"198\">Meaning<\/td>\n<\/tr>\n<tr>\n<td width=\"217\">Oaivil<\/td>\n<td width=\"170\">Mening<\/td>\n<td width=\"198\">Meaning<\/td>\n<\/tr>\n<tr>\n<td width=\"217\">Oaivilsisdoallu<\/td>\n<td width=\"170\">Meningsinnhold<\/td>\n<td width=\"198\">Meaning<\/td>\n<\/tr>\n<tr>\n<td width=\"217\">Oaivillonohallan<\/td>\n<td width=\"170\">Meningsutveksling<\/td>\n<td width=\"198\">Exchange of meaning<\/td>\n<\/tr>\n<tr>\n<td width=\"217\">Konverseret<\/td>\n<td width=\"170\">Konversere<\/td>\n<td width=\"198\">Conversating<\/td>\n<\/tr>\n<tr>\n<td width=\"217\"><strong>North S\u00e1mi<\/strong><\/td>\n<td width=\"170\"><strong>Norwegian<\/strong><\/td>\n<td width=\"198\"><strong>English<\/strong><\/td>\n<\/tr>\n<tr>\n<td width=\"217\">H\u00e1le\u0161tit<\/td>\n<td width=\"170\">Snakke sammen<\/td>\n<td width=\"198\">Talking together<\/td>\n<\/tr>\n<tr>\n<td width=\"217\">S\u00e1gastallat<\/td>\n<td width=\"170\">Snakke sammen<\/td>\n<td width=\"198\">Talking together<\/td>\n<\/tr>\n<tr>\n<td width=\"217\">S\u00e1gastallan, s\u00e1gastil, s\u00e1hka<\/td>\n<td width=\"170\">Samtale<\/td>\n<td width=\"198\">Conversation<\/td>\n<\/tr>\n<tr>\n<td width=\"217\">H\u00e1llat, hoallat, hupinat<\/td>\n<td width=\"170\">Snakke, prate<\/td>\n<td width=\"198\">Speak, talk<\/td>\n<\/tr>\n<tr>\n<td width=\"217\">S\u00e1hkk\u00e1i, s\u00e1hkkii<\/td>\n<td width=\"170\">Snakkesalig<\/td>\n<td width=\"198\">Talkative<\/td>\n<\/tr>\n<tr>\n<td width=\"217\">Mealtit<\/td>\n<td width=\"170\">Snakke over seg<\/td>\n<td width=\"198\">Too talkative<\/td>\n<\/tr>\n<tr>\n<td width=\"217\">S\u00e1gastallanbealli<\/td>\n<td width=\"170\">Samtalepartner<\/td>\n<td width=\"198\">Conversation partner<\/td>\n<\/tr>\n<tr>\n<td width=\"217\">Sisk\u00e1lastit<\/td>\n<td width=\"170\">Inkorporere<\/td>\n<td width=\"198\">Incorporate<\/td>\n<\/tr>\n<tr>\n<td width=\"217\">\u00c1rbevierru<\/td>\n<td width=\"170\">Tradisjon<\/td>\n<td width=\"198\">Tradition<\/td>\n<\/tr>\n<tr>\n<td width=\"217\">\u00c1rbevierrudiehtu<\/td>\n<td width=\"170\">Tradisjonskunnskap<\/td>\n<td width=\"198\">Knowledge of traditions<\/td>\n<\/tr>\n<tr>\n<td width=\"217\">\u00c1rbediehtu<\/td>\n<td width=\"170\">Tradisjonell kunnskap<\/td>\n<td width=\"198\">Traditional knowledge<\/td>\n<\/tr>\n<tr>\n<td width=\"217\">\u00c1rbet<\/td>\n<td width=\"170\">Arve<\/td>\n<td width=\"198\">Inherit, heritage<\/td>\n<\/tr>\n<tr>\n<td width=\"217\">\u00c1rbemahtu<\/td>\n<td width=\"170\">Tradisjonell ferdighet<\/td>\n<td width=\"198\">Traditional skills<\/td>\n<\/tr>\n<tr>\n<td width=\"217\">\u00c1rbevierrumahtu<\/td>\n<td width=\"170\">Tradisjonsferdighet<\/td>\n<td width=\"198\">Knowledge of traditional skills<\/td>\n<\/tr>\n<tr>\n<td width=\"217\">Haldde\u0161eapmi<\/td>\n<td width=\"170\">Forvaltning<\/td>\n<td width=\"198\">Management<\/td>\n<\/tr>\n<tr>\n<td width=\"217\">H\u00e1ldda\u0161it<\/td>\n<td width=\"170\">Administrere, forvalte, r\u00e5<\/td>\n<td width=\"198\">Manage, administer, decide<\/td>\n<\/tr>\n<tr>\n<td width=\"217\">Eallinvuohi<\/td>\n<td width=\"170\">Levesett<\/td>\n<td width=\"198\">Ways of living<\/td>\n<\/tr>\n<tr>\n<td width=\"217\">Eapmi<\/td>\n<td width=\"170\">Fra f\u00f8dselen<\/td>\n<td width=\"198\">From birth<\/td>\n<\/tr>\n<tr>\n<td width=\"217\">Eadmi<\/td>\n<td width=\"170\">Mor<\/td>\n<td width=\"198\">Mother<\/td>\n<\/tr>\n<tr>\n<td width=\"217\">Eallu<\/td>\n<td width=\"170\">Flokk, reinflokk<\/td>\n<td width=\"198\">Herd, reindeer herd<\/td>\n<\/tr>\n<tr>\n<td width=\"217\">Fuolki<\/td>\n<td width=\"170\">Slektning<\/td>\n<td width=\"198\">Relative<\/td>\n<\/tr>\n<tr>\n<td width=\"217\">\u010canastat<\/td>\n<td width=\"170\">B\u00e5nd<\/td>\n<td width=\"198\">Band<\/td>\n<\/tr>\n<tr>\n<td width=\"217\">Cednot, \u010dadnasit, \u010datnat<\/td>\n<td width=\"170\">Binde, knytte til<\/td>\n<td width=\"198\">Tie<\/td>\n<\/tr>\n<tr>\n<td width=\"217\">Go\u0111\u0111it<\/td>\n<td width=\"170\">Knytte, strikke, veve<\/td>\n<td width=\"198\">Tie knit, weave<\/td>\n<\/tr>\n<tr>\n<td width=\"217\">B\u00e1ddi<\/td>\n<td width=\"170\">Tau<\/td>\n<td width=\"198\">Rope<\/td>\n<\/tr>\n<tr>\n<td width=\"217\">Vuo\u0111\u0111u<\/td>\n<td width=\"170\">Fundament<\/td>\n<td width=\"198\">Basis<\/td>\n<\/tr>\n<tr>\n<td width=\"217\">Fuolkevuo\u0111a\u010danastat<\/td>\n<td width=\"170\">Slektsb\u00e5nd<\/td>\n<td width=\"198\">Kinlines<\/td>\n<\/tr>\n<tr>\n<td width=\"217\">Sohkab\u00e1ddi, sohkadovdu<\/td>\n<td width=\"170\">Slektsb\u00e5nd<\/td>\n<td width=\"198\">Family ties<\/td>\n<\/tr>\n<tr>\n<td width=\"217\">Fuolkevuohta<\/td>\n<td width=\"170\">Slektskap<\/td>\n<td width=\"198\">Kin<\/td>\n<\/tr>\n<tr>\n<td width=\"217\">Vuohttit<\/td>\n<td width=\"170\">Spore, finne spor<\/td>\n<td width=\"198\">Track, find tracks<\/td>\n<\/tr>\n<tr>\n<td width=\"217\">Earl\u00e1g\u00e1n<\/td>\n<td width=\"170\">Annerledes, forskjellig<\/td>\n<td width=\"198\">Different<\/td>\n<\/tr>\n<tr>\n<td width=\"217\">Earl\u00e1g\u00e1nvuohta<\/td>\n<td width=\"170\">Ulikhet<\/td>\n<td width=\"198\">Difference<\/td>\n<\/tr>\n<tr>\n<td width=\"217\">Ie\u0161gu\u0111et<\/td>\n<td width=\"170\">Forskjellig, ulik<\/td>\n<td width=\"198\">Different<\/td>\n<\/tr>\n<tr>\n<td width=\"217\">Ie\u0161gu\u0111etl\u00e1g\u00e1nvuohta<\/td>\n<td width=\"170\">Ulikhet, s\u00e6regenhet<\/td>\n<td width=\"198\">Distinctiveness<\/td>\n<\/tr>\n<tr>\n<td width=\"217\">L\u00e1gan<\/td>\n<td width=\"170\">Slik, slags<\/td>\n<td width=\"198\">Such, sort<\/td>\n<\/tr>\n<tr>\n<td width=\"217\">Vuohi<\/td>\n<td width=\"170\">M\u00e5te, metode<\/td>\n<td width=\"198\">Way, method<\/td>\n<\/tr>\n<tr>\n<td width=\"217\">Duohtavuohta<\/td>\n<td width=\"170\">Sannhet<\/td>\n<td width=\"198\">Truth<\/td>\n<\/tr>\n<tr>\n<td width=\"217\">Vuohttut<\/td>\n<td width=\"170\">Vogger<\/td>\n<td width=\"198\">Rocking<\/td>\n<\/tr>\n<tr>\n<td width=\"217\"><strong>North S\u00e1mi<\/strong><\/td>\n<td width=\"170\"><strong>Norwegian<\/strong><\/td>\n<td width=\"198\"><strong>English<\/strong><\/td>\n<\/tr>\n<tr>\n<td width=\"217\">Verdde<\/td>\n<td width=\"170\">Gjestevenn, vert, kamerat<\/td>\n<td width=\"198\">Friend, host, guest<\/td>\n<\/tr>\n<tr>\n<td width=\"217\">Verddevuohta<\/td>\n<td width=\"170\">Samarbeid mellom venner<\/td>\n<td width=\"198\">Cooperation between friends<\/td>\n<\/tr>\n<tr>\n<td width=\"217\">Birrajo\u0111aldat<\/td>\n<td width=\"170\">Sirkulasjon<\/td>\n<td width=\"198\">Cirkulation<\/td>\n<\/tr>\n<tr>\n<td width=\"217\">J\u00e1vredik\u0161un<\/td>\n<td width=\"170\">Forvalte innsj\u00f8er<\/td>\n<td width=\"198\">Lake management<\/td>\n<\/tr>\n<tr>\n<td width=\"217\">J\u00e1vre<\/td>\n<td width=\"170\">Innsj\u00f8<\/td>\n<td width=\"198\">Lake<\/td>\n<\/tr>\n<tr>\n<td width=\"217\">Dik\u0161un<\/td>\n<td width=\"170\">Forvaltning, ivaretakelse<\/td>\n<td width=\"198\">Management, caretaking<\/td>\n<\/tr>\n<tr>\n<td width=\"217\">Detala\u0161, ovttala\u0161<\/td>\n<td width=\"170\">Enhetlig<\/td>\n<td width=\"198\">Uniform<\/td>\n<\/tr>\n<tr>\n<td width=\"217\">Dolla<\/td>\n<td width=\"170\">B\u00e5l<\/td>\n<td width=\"198\">Camp fire<\/td>\n<\/tr>\n<tr>\n<td width=\"217\">Bero\u0161tit, fuollat, liikostit<\/td>\n<td width=\"170\">Bry seg om<\/td>\n<td width=\"198\">Care about<\/td>\n<\/tr>\n<tr>\n<td width=\"217\">\u00c1vvir, bero\u0161tupmi<\/td>\n<td width=\"170\">Omsorg<\/td>\n<td width=\"198\">Care<\/td>\n<\/tr>\n<tr>\n<td width=\"217\">Fuolaheapmi, fuolahus, fuolla<\/td>\n<td width=\"170\">Omsorg<\/td>\n<td width=\"198\">Care<\/td>\n<\/tr>\n<tr>\n<td width=\"217\">Duottarstohpu<\/td>\n<td width=\"170\">Fjellstue<\/td>\n<td width=\"198\">Mountain lodge<\/td>\n<\/tr>\n<tr>\n<td width=\"217\">Duottar<\/td>\n<td width=\"170\">Vidde<\/td>\n<td width=\"198\">Tundra<\/td>\n<\/tr>\n<tr>\n<td width=\"217\">Duottarstohpuatnu<\/td>\n<td width=\"170\">Fjellstuedrift<\/td>\n<td width=\"198\">Lodging<\/td>\n<\/tr>\n<tr>\n<td width=\"217\">Eanadie\u0111a<\/td>\n<td width=\"170\">Geografi<\/td>\n<td width=\"198\">Geography<\/td>\n<\/tr>\n<tr>\n<td width=\"217\">Eanadat<\/td>\n<td width=\"170\">Terreng<\/td>\n<td width=\"198\">Terrain<\/td>\n<\/tr>\n<tr>\n<td width=\"217\">Eanahapmi<\/td>\n<td width=\"170\">Terrengform<\/td>\n<td width=\"198\">Type of terrain<\/td>\n<\/tr>\n<tr>\n<td width=\"217\">Eana<\/td>\n<td width=\"170\">Eiendom, jord, jorde, land<\/td>\n<td width=\"198\">Property, earth, land, field<\/td>\n<\/tr>\n<tr>\n<td width=\"217\">Luondi<\/td>\n<td width=\"170\">Naturkarakter<\/td>\n<td width=\"198\">Character of nature<\/td>\n<\/tr>\n<tr>\n<td width=\"217\">Meahcci<\/td>\n<td width=\"170\">N\u00e6ringsegn, hjem<\/td>\n<td width=\"198\">Nurture land<\/td>\n<\/tr>\n<tr>\n<td width=\"217\">Beaska<\/td>\n<td width=\"170\">Pesk<\/td>\n<td width=\"198\">Coat of reindeer fur<\/td>\n<\/tr>\n<tr>\n<td width=\"217\">G\u00e1llot<\/td>\n<td width=\"170\">Skalle<\/td>\n<td width=\"198\">Fur boots<\/td>\n<\/tr>\n<tr>\n<td width=\"217\">G\u00e1kti<\/td>\n<td width=\"170\">Kofte<\/td>\n<td width=\"198\">S\u00e1mi traditional wear<\/td>\n<\/tr>\n<\/tbody>\n<\/table>\n","protected":false},"excerpt":{"rendered":"<p>The following words have been used to enlighten my work. I have not used all of them in the written text, and not all words in the text are presented. These are words I had to investigate to develop my own analytical view and to understand this specific S\u00e1mi way of knowing. North S\u00e1mi Norwegian [&hellip;]<\/p>\n","protected":false},"author":272,"featured_media":0,"parent":0,"menu_order":0,"comment_status":"closed","ping_status":"closed","template":"","meta":{"_et_pb_use_builder":"","_et_pb_old_content":"","_et_gb_content_width":"","footnotes":""},"class_list":["post-18","page","type-page","status-publish","hentry"],"featured_image_src":"","featured_image_src_square":false,"rbea_author_info":{"display_name":"Ellen-Johanne Kvalsvik","author_link":"https:\/\/blogg.uit.no\/ekv014\/author\/ellen-johanne-kvalsvik\/"},"rbea_excerpt_info":"The following words have been used to enlighten my work. I have not used all of them in the written text, and not all words in the text are presented. These are words I had to investigate to develop my own analytical view and to understand this specific S\u00e1mi way of knowing. North S\u00e1mi Norwegian [&hellip;]","_links":{"self":[{"href":"https:\/\/blogg.uit.no\/ekv014\/wp-json\/wp\/v2\/pages\/18","targetHints":{"allow":["GET"]}}],"collection":[{"href":"https:\/\/blogg.uit.no\/ekv014\/wp-json\/wp\/v2\/pages"}],"about":[{"href":"https:\/\/blogg.uit.no\/ekv014\/wp-json\/wp\/v2\/types\/page"}],"author":[{"embeddable":true,"href":"https:\/\/blogg.uit.no\/ekv014\/wp-json\/wp\/v2\/users\/272"}],"replies":[{"embeddable":true,"href":"https:\/\/blogg.uit.no\/ekv014\/wp-json\/wp\/v2\/comments?post=18"}],"version-history":[{"count":4,"href":"https:\/\/blogg.uit.no\/ekv014\/wp-json\/wp\/v2\/pages\/18\/revisions"}],"predecessor-version":[{"id":123,"href":"https:\/\/blogg.uit.no\/ekv014\/wp-json\/wp\/v2\/pages\/18\/revisions\/123"}],"wp:attachment":[{"href":"https:\/\/blogg.uit.no\/ekv014\/wp-json\/wp\/v2\/media?parent=18"}],"curies":[{"name":"wp","href":"https:\/\/api.w.org\/{rel}","templated":true}]}}