{"id":2,"date":"2022-11-30T10:51:42","date_gmt":"2022-11-30T10:51:42","guid":{"rendered":"https:\/\/blogg.uit.no\/glustudenter22\/?page_id=2"},"modified":"2023-01-02T14:44:00","modified_gmt":"2023-01-02T13:44:00","slug":"sample-page","status":"publish","type":"page","link":"https:\/\/blogg.uit.no\/glustudenter22\/","title":{"rendered":"L\u00e6rerstudentenes blogger om medier, kultur og danning"},"content":{"rendered":"\n<p>P\u00e5 fjerde \u00e5r i l\u00e6rerutdanningene for grunnskolen 1-7 og 5-10, er det obligatorisk \u00e5 skrive en bloggpost til denne felles bloggen. Tekstene skal omhandle utfordringer knytta til barn og unges mediebruk, og bidragene gir uttrykk for at studentene har mye p\u00e5 hjertet innen dette temaet. <\/p>\n\n\n\n<p>\u00c5rets blogg best\u00e5r av ca 70 tekster, som spenner seg over mange forskjellige undertema, og som studentene har arbeidet med gjennom hele h\u00f8stsemesteret. Vi syns det er blitt spennende og gode tekster!<\/p>\n\n\n\n<p>Lykke til med lesinga! <\/p>\n","protected":false},"excerpt":{"rendered":"<p>P\u00e5 fjerde \u00e5r i l\u00e6rerutdanningene for grunnskolen 1-7 og 5-10, er det obligatorisk \u00e5 skrive en bloggpost til denne felles bloggen. Tekstene skal omhandle utfordringer knytta til barn og unges mediebruk, og bidragene gir uttrykk for at studentene har mye &hellip; <a href=\"https:\/\/blogg.uit.no\/glustudenter22\/\">Les videre <span class=\"meta-nav\">&rarr;<\/span><\/a><\/p>\n","protected":false},"author":248,"featured_media":0,"parent":0,"menu_order":0,"comment_status":"closed","ping_status":"open","template":"","meta":{"_et_pb_use_builder":"","_et_pb_old_content":"","_et_gb_content_width":"","footnotes":""},"class_list":["post-2","page","type-page","status-publish","hentry"],"featured_image_src":"","featured_image_src_square":false,"rbea_author_info":{"display_name":"Lisbet R\u00f8nningsbakk","author_link":"https:\/\/blogg.uit.no\/glustudenter22\/author\/lisbet-rnningsbakk\/"},"rbea_excerpt_info":"P\u00e5 fjerde \u00e5r i l\u00e6rerutdanningene for grunnskolen 1-7 og 5-10, er det obligatorisk \u00e5 skrive en bloggpost til denne felles bloggen. Tekstene skal omhandle utfordringer knytta til barn og unges mediebruk, og bidragene gir uttrykk for at studentene har mye &hellip; <a href=\"https:\/\/blogg.uit.no\/glustudenter22\/\">Les videre <span class=\"meta-nav\">&rarr;<\/span><\/a>","_links":{"self":[{"href":"https:\/\/blogg.uit.no\/glustudenter22\/wp-json\/wp\/v2\/pages\/2","targetHints":{"allow":["GET"]}}],"collection":[{"href":"https:\/\/blogg.uit.no\/glustudenter22\/wp-json\/wp\/v2\/pages"}],"about":[{"href":"https:\/\/blogg.uit.no\/glustudenter22\/wp-json\/wp\/v2\/types\/page"}],"author":[{"embeddable":true,"href":"https:\/\/blogg.uit.no\/glustudenter22\/wp-json\/wp\/v2\/users\/248"}],"replies":[{"embeddable":true,"href":"https:\/\/blogg.uit.no\/glustudenter22\/wp-json\/wp\/v2\/comments?post=2"}],"version-history":[{"count":3,"href":"https:\/\/blogg.uit.no\/glustudenter22\/wp-json\/wp\/v2\/pages\/2\/revisions"}],"predecessor-version":[{"id":186,"href":"https:\/\/blogg.uit.no\/glustudenter22\/wp-json\/wp\/v2\/pages\/2\/revisions\/186"}],"wp:attachment":[{"href":"https:\/\/blogg.uit.no\/glustudenter22\/wp-json\/wp\/v2\/media?parent=2"}],"curies":[{"name":"wp","href":"https:\/\/api.w.org\/{rel}","templated":true}]}}