{"id":60,"date":"2012-05-24T18:11:11","date_gmt":"2012-05-24T16:11:11","guid":{"rendered":"https:\/\/blogg.uit.no\/kha004\/?page_id=60"},"modified":"2012-05-25T10:15:34","modified_gmt":"2012-05-25T08:15:34","slug":"kontakt-meg-2","status":"publish","type":"page","link":"https:\/\/blogg.uit.no\/kha004\/kontakt-meg-2\/","title":{"rendered":"Kontakt meg"},"content":{"rendered":"<p><a href=\"https:\/\/blogg.uit.no\/kha004\/wp-content\/uploads\/sites\/44\/2012\/05\/ketilB2.jpg\"><img fetchpriority=\"high\" fetchpriority=\"high\" decoding=\"async\" class=\"alignright size-medium wp-image-114\" src=\"https:\/\/blogg.uit.no\/kha004\/wp-content\/uploads\/sites\/44\/2012\/05\/ketilB2-300x219.jpg\" alt=\"\" width=\"300\" height=\"219\" srcset=\"https:\/\/blogg.uit.no\/kha004\/wp-content\/uploads\/sites\/44\/2012\/05\/ketilB2-300x219.jpg 300w, https:\/\/blogg.uit.no\/kha004\/wp-content\/uploads\/sites\/44\/2012\/05\/ketilB2-410x300.jpg 410w, https:\/\/blogg.uit.no\/kha004\/wp-content\/uploads\/sites\/44\/2012\/05\/ketilB2.jpg 604w\" sizes=\"(max-width: 300px) 100vw, 300px\" \/><\/a><\/p>\n<p>&nbsp;<\/p>\n<p>Dersom du \u00f8nsker \u00e5 komme i kontakt med meg kan du sende en e-post:<\/p>\n<p><strong>ketil.lenert.hansen@uit.no<\/strong><\/p>\n<p>eller ringe meg p\u00e5 telefon: <strong>907 91 116<\/strong><\/p>\n","protected":false},"excerpt":{"rendered":"<p>&nbsp; Dersom du \u00f8nsker \u00e5 komme i kontakt med meg kan du sende en e-post: ketil.lenert.hansen@uit.no eller ringe meg p\u00e5 telefon: 907 91 116<\/p>\n","protected":false},"author":72,"featured_media":0,"parent":0,"menu_order":0,"comment_status":"closed","ping_status":"closed","template":"","meta":{"_et_pb_use_builder":"","_et_pb_old_content":"","_et_gb_content_width":"","footnotes":""},"class_list":["post-60","page","type-page","status-publish","hentry"],"featured_image_src":"","featured_image_src_square":false,"rbea_author_info":{"display_name":"Ketil Lenert Hansen","author_link":"https:\/\/blogg.uit.no\/kha004\/author\/ketil-lenert-hansen\/"},"rbea_excerpt_info":"&nbsp; Dersom du \u00f8nsker \u00e5 komme i kontakt med meg kan du sende en e-post: ketil.lenert.hansen@uit.no eller ringe meg p\u00e5 telefon: 907 91 116","_links":{"self":[{"href":"https:\/\/blogg.uit.no\/kha004\/wp-json\/wp\/v2\/pages\/60","targetHints":{"allow":["GET"]}}],"collection":[{"href":"https:\/\/blogg.uit.no\/kha004\/wp-json\/wp\/v2\/pages"}],"about":[{"href":"https:\/\/blogg.uit.no\/kha004\/wp-json\/wp\/v2\/types\/page"}],"author":[{"embeddable":true,"href":"https:\/\/blogg.uit.no\/kha004\/wp-json\/wp\/v2\/users\/72"}],"replies":[{"embeddable":true,"href":"https:\/\/blogg.uit.no\/kha004\/wp-json\/wp\/v2\/comments?post=60"}],"version-history":[{"count":7,"href":"https:\/\/blogg.uit.no\/kha004\/wp-json\/wp\/v2\/pages\/60\/revisions"}],"predecessor-version":[{"id":117,"href":"https:\/\/blogg.uit.no\/kha004\/wp-json\/wp\/v2\/pages\/60\/revisions\/117"}],"wp:attachment":[{"href":"https:\/\/blogg.uit.no\/kha004\/wp-json\/wp\/v2\/media?parent=60"}],"curies":[{"name":"wp","href":"https:\/\/api.w.org\/{rel}","templated":true}]}}