{"id":181,"date":"2012-08-07T15:21:47","date_gmt":"2012-08-07T13:21:47","guid":{"rendered":"https:\/\/blogg.uit.no\/llu001\/?page_id=181"},"modified":"2012-08-07T15:21:47","modified_gmt":"2012-08-07T13:21:47","slug":"gedichte","status":"publish","type":"page","link":"https:\/\/blogg.uit.no\/llu001\/translations\/gedichte\/","title":{"rendered":"Gedichte"},"content":{"rendered":"<p>Liv Lundberg: Gedichte &#8211; (translation by Gabriele Haefs)<\/p>\n<p>&nbsp;<\/p>\n<p align=\"center\">(Skulptur)<\/p>\n<p align=\"center\">eine Skulptur in einem Raum<\/p>\n<p align=\"center\">Einzelelemente aus Stoff und Zeit<\/p>\n<p align=\"center\">sammeln ein Bild<\/p>\n<p align=\"center\">und das Bild \u00e4hnelt dir:<\/p>\n<p align=\"center\">es ist ein Bild von dir<\/p>\n<p align=\"center\">Nasenspitze, Ohrl\u00e4ppchen, Wangenknochen<\/p>\n<p align=\"center\">in der Kehle sitzen die W\u00f6rter<\/p>\n<p align=\"center\">die der Mund nie ge\u00e4u\u00dfert hat<\/p>\n<p align=\"center\">um den K\u00f6rper gen\u00e4hte Kleider, eine Brieftasche<\/p>\n<p align=\"center\">mit Ausweispapieren<\/p>\n<p align=\"center\">wer du auch sein magst<\/p>\n<p align=\"center\">mit blassem undeutlichem Gesicht<\/p>\n<p align=\"center\">eine Geburtsurkunde<\/p>\n<p align=\"center\">eine Signatur<\/p>\n<p align=\"center\">Schatten und Sonne, die t\u00e4gliche<\/p>\n<p align=\"center\">fast maschinenhafte Wiederholung<\/p>\n<p align=\"center\">sie sagen, sie w\u00fc\u00dften, wer du bist<\/p>\n<p align=\"center\">sie sagen, du seist<\/p>\n<p align=\"center\">ein Bild deiner selbst<\/p>\n<p align=\"center\">du seist wie eine Skulptur in einem Raum<\/p>\n<p align=\"center\">(Gesicht)<\/p>\n<p align=\"center\">Das Bild eines Menschen<\/p>\n<p align=\"center\">ein Gesicht objektiv wie ein Schicksal<\/p>\n<p align=\"center\">von Angesicht zu Angesicht mit Schweigen und Raum<\/p>\n<p align=\"center\">Portrait einer jungen Frau, die sterben will<\/p>\n<p align=\"center\">ein Gegenstand abgebildet zwischen anderen<\/p>\n<p align=\"center\">vor einer rauhen Steinmauer, einem geborstenen Rohr<\/p>\n<p align=\"center\">einem Gel\u00e4nder und diesem Fragenden<\/p>\n<p align=\"center\">das fast um Vergebung<\/p>\n<p align=\"center\">bitten will<\/p>\n<p align=\"center\">Ein Mensch als Gesicht<\/p>\n<p align=\"center\">ein Mensch der bald nicht mehr ist<\/p>\n<p align=\"center\">ein Mensch blickt dem Nichts in die Augen<\/p>\n<p align=\"center\">voller Staunen, der Blick sieht<\/p>\n<p align=\"center\">den klaren Blick<\/p>\n<p align=\"center\">der nicht mehr wissen will<\/p>\n<p align=\"center\">(Zeugen)<\/p>\n<p align=\"center\">Wir sind bescheidene Zeugen<\/p>\n<p align=\"center\">dessen, was wir sehen<\/p>\n<p align=\"center\">wir sind verantwortlich f\u00fcr unsere Berichte<\/p>\n<p align=\"center\">von seltsamen fossilen Orten<\/p>\n<p align=\"center\">in Notizen \u00fcber H\u00e4rtung, Verh\u00e4rtung, Verwitterung<\/p>\n<p align=\"center\">dinosaurische Erfahrung<\/p>\n<p align=\"center\">in der langsamen geschickten Ber\u00fchrung<\/p>\n<p align=\"center\">der Materie durch die Evolution<\/p>\n<p align=\"center\">Zeitabst\u00e4nde<\/p>\n<p align=\"center\">brennen ihre Eiszeiten<\/p>\n<p align=\"center\">gegen die Handfl\u00e4chen<\/p>\n<p align=\"center\">wie fl\u00fcssigen Stickstoff<\/p>\n<p align=\"center\">(Marmor)<\/p>\n<p align=\"center\">ein schlafendes Kind<\/p>\n<p align=\"center\">in Worten f\u00fcr das Zuk\u00fcnftige<\/p>\n<p align=\"center\">die Wange ruht an<\/p>\n<p align=\"center\">einem rein geographischen Traum<\/p>\n<p align=\"center\">in der meditierenden Kindheit der Formen<\/p>\n<p align=\"center\">um sp\u00e4ter aufzuwachen<\/p>\n<p align=\"center\">in einer Marmorfl\u00e4che<\/p>\n<p align=\"center\">das Gesicht erhoben von der Flucht der Augen<\/p>\n<p align=\"center\">und den Sch\u00e4del beschwert von seinem Meinungsschatten<\/p>\n<p align=\"center\">(Skizze)<\/p>\n<p align=\"center\">Die Welt beginnt: ein Ei<\/p>\n<p align=\"center\">in der Geographie der Einsamkeit<\/p>\n<p align=\"center\">Markstreifen gezeichnet wie rote<\/p>\n<p align=\"center\">Sandwege \u00fcber wei\u00dfe Fl\u00e4chen<\/p>\n<p align=\"center\">eine Skizze f\u00fcllt sich mit Licht<\/p>\n<p align=\"center\">und Schatten von Namen<\/p>\n<p align=\"center\">im Vorl\u00e4ufigen, Formlosen<\/p>\n<p align=\"center\">Feuer wird entfacht und beleuchtet Details<\/p>\n<p align=\"center\">in einem Gesicht, in deinem Gesicht<\/p>\n<p align=\"center\">dargestellt in Verh\u00e4ltniszahlen<\/p>\n<p align=\"center\">zwischen der Welt und deiner Welt<\/p>\n<p align=\"center\">unbegreiflich n\u00fcchtern und nah<\/p>\n<p align=\"center\">ein Ei in der Zeit<\/p>\n<p align=\"center\">nicht weit fort<\/p>\n<p align=\"center\">arbeitet ein Bildhauer an seinem Menschen<\/p>\n<p align=\"center\">arbeitet eine Bildhauerin an ihrem Menschen<\/p>\n","protected":false},"excerpt":{"rendered":"<p>Liv Lundberg: Gedichte &#8211; (translation by Gabriele Haefs) &nbsp; (Skulptur) eine Skulptur in einem Raum Einzelelemente aus Stoff und Zeit sammeln ein Bild und das Bild \u00e4hnelt dir: es ist ein Bild von dir Nasenspitze, Ohrl\u00e4ppchen, Wangenknochen in der Kehle &hellip; <a href=\"https:\/\/blogg.uit.no\/llu001\/translations\/gedichte\/\">Continue reading <span class=\"meta-nav\">&rarr;<\/span><\/a><\/p>\n","protected":false},"author":88,"featured_media":0,"parent":35,"menu_order":0,"comment_status":"open","ping_status":"closed","template":"","meta":{"_et_pb_use_builder":"","_et_pb_old_content":"","_et_gb_content_width":"","footnotes":""},"class_list":["post-181","page","type-page","status-publish","hentry"],"featured_image_src":"","featured_image_src_square":false,"rbea_author_info":{"display_name":"llu001","author_link":"https:\/\/blogg.uit.no\/llu001\/author\/llu001\/"},"rbea_excerpt_info":"Liv Lundberg: Gedichte &#8211; (translation by Gabriele Haefs) &nbsp; (Skulptur) eine Skulptur in einem Raum Einzelelemente aus Stoff und Zeit sammeln ein Bild und das Bild \u00e4hnelt dir: es ist ein Bild von dir Nasenspitze, Ohrl\u00e4ppchen, Wangenknochen in der Kehle &hellip; <a href=\"https:\/\/blogg.uit.no\/llu001\/translations\/gedichte\/\">Continue reading <span class=\"meta-nav\">&rarr;<\/span><\/a>","_links":{"self":[{"href":"https:\/\/blogg.uit.no\/llu001\/wp-json\/wp\/v2\/pages\/181","targetHints":{"allow":["GET"]}}],"collection":[{"href":"https:\/\/blogg.uit.no\/llu001\/wp-json\/wp\/v2\/pages"}],"about":[{"href":"https:\/\/blogg.uit.no\/llu001\/wp-json\/wp\/v2\/types\/page"}],"author":[{"embeddable":true,"href":"https:\/\/blogg.uit.no\/llu001\/wp-json\/wp\/v2\/users\/88"}],"replies":[{"embeddable":true,"href":"https:\/\/blogg.uit.no\/llu001\/wp-json\/wp\/v2\/comments?post=181"}],"version-history":[{"count":3,"href":"https:\/\/blogg.uit.no\/llu001\/wp-json\/wp\/v2\/pages\/181\/revisions"}],"predecessor-version":[{"id":184,"href":"https:\/\/blogg.uit.no\/llu001\/wp-json\/wp\/v2\/pages\/181\/revisions\/184"}],"up":[{"embeddable":true,"href":"https:\/\/blogg.uit.no\/llu001\/wp-json\/wp\/v2\/pages\/35"}],"wp:attachment":[{"href":"https:\/\/blogg.uit.no\/llu001\/wp-json\/wp\/v2\/media?parent=181"}],"curies":[{"name":"wp","href":"https:\/\/api.w.org\/{rel}","templated":true}]}}