{"id":254,"date":"2022-01-12T21:12:35","date_gmt":"2022-01-12T20:12:35","guid":{"rendered":"https:\/\/blogg.uit.no\/lro009\/?page_id=254"},"modified":"2022-01-12T21:12:35","modified_gmt":"2022-01-12T20:12:35","slug":"uit-laererstudenter-blogger-om-kultur-identitet-og-danning","status":"publish","type":"page","link":"https:\/\/blogg.uit.no\/lro009\/uit-laererstudenter-blogger-om-kultur-identitet-og-danning\/","title":{"rendered":"UiT-l\u00e6rerstudenter blogger om kultur, identitet og danning"},"content":{"rendered":"\n<p>Av Lisbet R\u00f8nningsbakk<\/p>\n\n\n\n<p>Som ledd i undervisningen p\u00e5 4. \u00e5ret, har studentene fra GLU 1-7 og 5-10 skrevet bloggposter om kulturpedagogiske utfordringer knyttet til medier og teknologi. <\/p>\n\n\n\n<p>Det er blitt mange interessante tekster, om en rekke emner som er aktuelle innen bruk av teknologi og medier generelt og i undervisning og l\u00e6ring i skolen.<\/p>\n\n\n\n<p>God lesing! <\/p>\n","protected":false},"excerpt":{"rendered":"<p>Av Lisbet R\u00f8nningsbakk Som ledd i undervisningen p\u00e5 4. \u00e5ret, har studentene fra GLU 1-7 og 5-10 skrevet bloggposter om kulturpedagogiske utfordringer knyttet til medier og teknologi. Det er blitt mange interessante tekster, om en rekke emner som er aktuelle &hellip; <a href=\"https:\/\/blogg.uit.no\/lro009\/uit-laererstudenter-blogger-om-kultur-identitet-og-danning\/\">Les videre <span class=\"meta-nav\">&rarr;<\/span><\/a><\/p>\n","protected":false},"author":248,"featured_media":0,"parent":0,"menu_order":0,"comment_status":"closed","ping_status":"closed","template":"","meta":{"_et_pb_use_builder":"","_et_pb_old_content":"","_et_gb_content_width":"","footnotes":""},"class_list":["post-254","page","type-page","status-publish","hentry"],"featured_image_src":"","featured_image_src_square":false,"rbea_author_info":{"display_name":"Lisbet R\u00f8nningsbakk","author_link":"https:\/\/blogg.uit.no\/lro009\/author\/lisbet-rnningsbakk\/"},"rbea_excerpt_info":"Av Lisbet R\u00f8nningsbakk Som ledd i undervisningen p\u00e5 4. \u00e5ret, har studentene fra GLU 1-7 og 5-10 skrevet bloggposter om kulturpedagogiske utfordringer knyttet til medier og teknologi. Det er blitt mange interessante tekster, om en rekke emner som er aktuelle &hellip; <a href=\"https:\/\/blogg.uit.no\/lro009\/uit-laererstudenter-blogger-om-kultur-identitet-og-danning\/\">Les videre <span class=\"meta-nav\">&rarr;<\/span><\/a>","_links":{"self":[{"href":"https:\/\/blogg.uit.no\/lro009\/wp-json\/wp\/v2\/pages\/254","targetHints":{"allow":["GET"]}}],"collection":[{"href":"https:\/\/blogg.uit.no\/lro009\/wp-json\/wp\/v2\/pages"}],"about":[{"href":"https:\/\/blogg.uit.no\/lro009\/wp-json\/wp\/v2\/types\/page"}],"author":[{"embeddable":true,"href":"https:\/\/blogg.uit.no\/lro009\/wp-json\/wp\/v2\/users\/248"}],"replies":[{"embeddable":true,"href":"https:\/\/blogg.uit.no\/lro009\/wp-json\/wp\/v2\/comments?post=254"}],"version-history":[{"count":1,"href":"https:\/\/blogg.uit.no\/lro009\/wp-json\/wp\/v2\/pages\/254\/revisions"}],"predecessor-version":[{"id":255,"href":"https:\/\/blogg.uit.no\/lro009\/wp-json\/wp\/v2\/pages\/254\/revisions\/255"}],"wp:attachment":[{"href":"https:\/\/blogg.uit.no\/lro009\/wp-json\/wp\/v2\/media?parent=254"}],"curies":[{"name":"wp","href":"https:\/\/api.w.org\/{rel}","templated":true}]}}